 What is f(8)?
-62
Let f(z) = z**3 + 25*z**2 + 23*z + 291. Determine f(0).
291
Let o(w) = w**2 - 10796*w - 34. What is o(0)?
-34
Let o(f) = -f**2 + 1138*f + 60685. What is o(-51)?
46
Let v(x) = -x**2 - 133*x - 969. Calculate v(-120).
591
Let z(a) = 2*a**3 + 49*a**2 + 46*a + 449. Give z(-24).
-79
Let w(n) = 2035*n - 5783. Calculate w(3).
322
Let a(b) = 5448*b - 234224. Calculate a(43).
40
Let c(k) = 15*k**2 - 231*k + 643. Calculate c(12).
31
Let v(n) = 601*n + 9242. Give v(-16).
-374
Let c(g) = -7918*g - 1836984. Calculate c(-232).
-8
Let v(q) = -3*q**3 + 550*q**2 - 4810*q - 10795. Give v(174).
-7
Let o(p) = -p**3 + 24*p**2 - 313*p - 728. Give o(-2).
2
Let m(w) = -4*w**3 - 1728*w**2 - 26626*w - 828. Determine m(-416).
4
Let v(u) = -u**2 + 3836*u + 11520. Give v(-3).
3
Let c(t) = -13561*t + 203419. What is c(15)?
4
Let n(d) = 649*d**2 - 14325*d + 1064. Give n(22).
30
Let n(f) = f**2 - 39*f - 21609. Calculate n(168).
63
Let c(y) = -2*y**3 - 9*y**2 + 404*y - 1186. What is c(3)?
-109
Let g(d) = 217*d + 29933. Calculate g(-139).
-230
Let n(u) = -u**3 - 103*u**2 + 296*u - 2162. What is n(-106)?
170
Let s(m) = -2*m**3 + 235*m**2 + 3090*m - 210. Calculate s(-12).
6
Let i(n) = 24*n**2 + 675*n - 39. Give i(-28).
-123
Let f(o) = 198*o**2 - 541*o - 1007. Calculate f(4).
-3
Let z(s) = 52*s**2 - 7748*s + 71. Determine z(149).
71
Let b(f) = 52*f**2 - 3544*f + 456. Calculate b(68).
-88
Let c(s) = 7*s**2 - 5648*s - 523819. Calculate c(-84).
5
Let g(s) = -s**3 + 26*s**2 - 228*s + 887. Give g(14).
47
Let z(v) = -9*v**2 + 1896*v + 361. Give z(211).
-272
Let i(t) = -4*t**3 + 373*t**2 - 89*t - 694. Determine i(93).
-322
Let r(o) = -o**3 + 49*o + 210. What is r(-10)?
720
Let l(h) = -3*h**2 - 291*h - 6797. Determine l(-38).
-71
Let q(m) = 2*m**2 + 587*m + 18820. Calculate q(-257).
59
Let q(k) = 509*k - 4021. Give q(8).
51
Let l(q) = -21685*q - 64973. Give l(-3).
82
Let k(u) = 2*u**3 + 273*u**2 - 1387*u - 16669. Calculate k(-141).
-31
Let q(s) = -s**3 - 30*s**2 + 332*s + 9365. What is q(-31)?
34
Let q(i) = 226671*i - 5213410. Determine q(23).
23
Let x(u) = 915*u**2 - 4178*u - 1983. Give x(5).
2
Let k(p) = p**3 + 442*p**2 + 11557*p - 980. What is k(-28)?
0
Let u(j) = -28*j**2 - 1499*j - 7521. What is u(-5)?
-726
Let m(k) = k**2 + 167897*k - 503704. Calculate m(3).
-4
Let f(k) = -8*k**2 - 43*k + 70. Give f(-7).
-21
Let g(c) = 359*c - 130980. Determine g(365).
55
Let p(y) = -25271*y + 49884. Give p(2).
-658
Let d(w) = -w**2 + 107*w - 1079. What is d(15)?
301
Let i(h) = -19*h**2 - 611*h + 19827. Calculate i(20).
7
Let u(x) = 32*x**2 + 420*x + 481. Calculate u(-12).
49
Let y(c) = 5304*c + 15858. Determine y(-3).
-54
Let v(x) = 2717*x - 119555. What is v(44)?
-7
Let w(x) = x**3 - 16*x**2 - 448*x + 5627. Determine w(25).
52
Let s(k) = 3*k**2 - 153*k + 2166. Determine s(18).
384
Let c(l) = 43214*l - 777847. Determine c(18).
5
Let d(n) = -6*n**2 + 468*n - 489. Determine d(77).
-27
Let y(h) = h**3 + 243*h**2 + 1702*h + 11860. Calculate y(-236).
60
Let n(j) = -j**3 - 41*j**2 - 118*j - 1619. Calculate n(-39).
-59
Let a(x) = -12*x**3 + 58*x**2 + 35*x - 23. What is a(5)?
102
Let x(a) = -a**3 - 37*a**2 + 124*a + 5889. Calculate x(-36).
129
Let w(a) = -112959*a - 451871. Calculate w(-4).
-35
Let r(z) = -3*z**3 + 87*z**2 - 159*z - 205. Calculate r(27).
-124
Let c(w) = 24*w**2 - 11376*w + 89467. Calculate c(466).
-5
Let z(l) = 130*l**2 - 381*l - 1283. What is z(5)?
62
Let r(m) = -m**3 - 22*m**2 + 331*m + 6360. What is r(-25)?
-40
Let c(l) = -19052*l + 95310. Give c(5).
50
Let q(p) = p**3 - 24*p**2 - 17572*p + 438690. What is q(25)?
15
Let x(a) = -781*a + 121989. Calculate x(156).
153
Let l(o) = o**3 + 243*o**2 + 9062*o + 19. Calculate l(-197).
19
Let c(r) = -69*r**3 + 544*r**2 + 73*r - 35. What is c(8)?
37
Let i(p) = -4*p**3 - 10*p**2 + 25*p - 107. Calculate i(5).
-732
Let j(z) = -4*z**3 - 3392*z**2 - 3406*z - 15304. Give j(-847).
-58
Let o(d) = -4146*d + 41674. Give o(11).
-3932
Let x(m) = 61380*m - 1780110. Give x(29).
-90
Let q(t) = 2*t**3 + 433*t**2 - 1020*t + 16431. What is q(-219)?
6
Let x(o) = -4*o**2 - 249*o + 5736. Give x(-80).
56
Let u(o) = -405*o + 11843. Determine u(30).
-307
Let h(d) = 15*d**3 + 4590*d**2 - 2*d - 579. Calculate h(-306).
33
Let r(c) = 5*c**2 + 144580*c - 723032. What is r(5)?
-7
Let m(g) = -4*g**3 - 3*g**2 - 55*g + 140. Give m(2).
-14
Let f(l) = 11*l**2 - 2947*l - 9320. What is f(271)?
-106
Let j(y) = -346*y**2 + 90*y + 584. What is j(-4)?
-5312
Let m(w) = 7*w**2 - 119*w + 71. Calculate m(17).
71
Let t(p) = 168*p**2 - 62*p + 53. Give t(2).
601
Let f(t) = 176138*t + 1232970. What is f(-7)?
4
Let f(j) = 2718*j**2 + 5430*j - 19. Calculate f(-2).
-7
Let d(p) = -12*p**3 + 6048*p**2 - 168*p + 84670. What is d(504)?
-2
Let p(c) = 21308*c - 21015. What is p(1)?
293
Let i(p) = -6809*p - 224913. What is i(-33)?
-216
Let w(b) = -b**3 - 176*b**2 + 3503*b - 81775. Give w(-196).
-43
Let p(o) = o**2 + 87310*o + 3839699. What is p(-44)?
-5
Let k(j) = 55*j + 944. Calculate k(-22).
-266
Let n(p) = -p**3 - 651*p**2 + 873*p + 144144. What is n(-652)?
52
Let b(l) = 55*l**2 - 228*l - 3371. What is b(10)?
-151
Let d(w) = -124*w**2 - 2452*w - 8844. Determine d(-15).
36
Let h(x) = 3*x**3 + 291*x**2 + 24*x - 3094. Give h(-97).
-5422
Let h(f) = 9*f**3 + 1107*f**2 + 65*f + 8026. Determine h(-123).
31
Let t(g) = 5362*g - 32181. Give t(6).
-9
Let x(h) = -h**3 + 8*h**2 - 8*h - 39. What is x(4)?
-7
Let g(q) = -q**3 - 20*q**2 + 204*q + 2816. Calculate g(-24).
224
Let d(o) = 3*o**3 - 30*o**2 + 26*o + 7. What is d(9)?
-2
Let n(f) = -f**3 - 18*f**2 - 9911*f - 147955. Give n(-15).
35
Let o(a) = -469*a**3 - 4*a**2 + 186*a + 186. Give o(-1).
465
Let f(y) = 4*y**2 + 192*y - 15145. Give f(42).
-25
Let i(b) = 326*b - 6233. Calculate i(18).
-365
Let g(l) = -13*l**2 + 473*l + 3422. Calculate g(-6).
116
Let m(z) = -36754*z + 183763. Calculate m(5).
-7
Let g(w) = 793*w - 12676. What is g(16)?
12
Let x(n) = -37947*n + 151787. Give x(4).
-1
Let f(y) = -311*y**2 + 4641*y + 368. Calculate f(15).
8
Let p(s) = 10*s**3 - 9655*s**2 - 4886*s + 54093. Calculate p(966).
-3
Let f(j) = -262*j**2 - 7087*j - 324. Calculate f(-27).
27
Let g(z) = 11516*z + 99. Give g(0).
99
Let s(i) = 5*i**3 - 62*i**2 + 118*i - 898. Determine s(12).
230
Let q(h) = h**2 + 27659*h - 193595. What is q(7)?
67
Let t(k) = 951*k + 11305. Determine t(-11).
844
Let x(p) = 10*p**3 - 259066*p - 259065. What is x(-1)?
-9
Let k(f) = 13*f**2 - 577*f - 5955. Calculate k(53).
-19
Let w(k) = k**3 + 8*k**2 - 794*k + 2987. What is w(4)?
3
Let i(d) = 15353*d - 15326. Give i(1).
27
Let v(n) = -4138*n - 1667615. Give v(-403).
-1
Let g(v) = 942021*v - 14130320. Determine g(15).
-5
Let m(u) = u**2 - 1364*u - 38801. Determine m(-28).
175
Let s(g) = 939*g - 250267. Determine s(266).
-493
Let r(w) = w**3 - 199*w**2 - 3847*w + 127. Calculate r(-18).
-935
Let o(q) = q**3 + 27*q**2 - 416*q - 8980. Calculate o(-31).
72
Let c(z) = z**3 + 442*z**2 + 5172*z + 5068. Determine c(-430).
-92
Let y(b) = 3821*b + 2659407. What is y(-696)?
-9
Let x(d) = 138*d + 7290. What is x(-28)?
3426
Let c(s) = 14*s**2 - 88*s - 582. Give c(8).
-390
Let a(h) = -8*h**2 + 202*h - 1171. Give a(9).
-1
Let w(t) = -404*t - 41785. What is w(-102)?
-577
Let f(w) = 2*w**3 + 38*w**2 + 5*w - 22. Give f(-20).
-922
Let h(c) = 15*c**2 + 8513*c - 3983. Determine h(-568).
-7
Let u(b) = 9*b**2 - 84*b + 471. Determine u(13).
900
Let x(i) = -i**3 - 1733*i**2 - 5199*i + 19. Determine x(-3).
46
Let c(t) = t**3 - 18*t**2 - 438*t + 51. Determine c(-14).
-89
Let f(v) = -6522*v + 52177. Give f(8).
1
Let i(h) = -86*h**3 - 6709*h**2 - 85*h - 575. Calculate i(-78).
-29
Let v(d) = -18895*d - 321212. What is v(-17)?
3
Let d(x) = -249774*x + 2247966. Determine d(9).
0
Let g(q) = q**2 - 176*q - 295. Give g(177).
-118
Let x(v) = -22*v**2 + 1983*v + 1735. Calculate x(91).
6
Let w(s) = -s**3 + 130*s**2 + 2829*s - 9. What is w(-19)?
29
Let f(l) = -2*l**2 - 142*l - 1755. Determine f(-48).
453
Let p(w) = -69163*w - 276726. What is p(-4)?
-74
Let z(v) = -2*v**2 - 94*v - 548. Determine z(-26).
544
Let z(a) = -189*a**2 + 463*a + 19. Calculate z(4).
-1153
Let j(q) = -q**2 - 7601*q + 45634. Give j(6).
-8
Let c(j) = -2*j**2 + 10968*j + 253519. Calculate c(-23).
197
Let l(d) = -2668*d + 22400. Give l(8).
1056
Let x(b) = 2*b**2 + 